{"id":124,"date":"2021-05-04T18:19:01","date_gmt":"2021-05-04T18:19:01","guid":{"rendered":"https:\/\/www4.frm.utn.edu.ar\/conaiisi\/?page_id=124"},"modified":"2022-07-27T17:36:18","modified_gmt":"2022-07-27T20:36:18","slug":"alojamiento","status":"publish","type":"page","link":"https:\/\/www4.frm.utn.edu.ar\/conaiisi\/alojamiento\/","title":{"rendered":"ALOJAMIENTO"},"content":{"rendered":"<p><script src=\"https:\/\/bot.frm.utn.edu.ar\/assets\/modules\/channel-web\/inject.js\"><\/script><br \/>\n<script>window.botpressWebChat.init({ host: 'https:\/\/bot.frm.utn.edu.ar\/', botId: 'atom', showConversationsButton: false, enableReset: true, enablePersistHistory: false, enableResetSessionShortcut: false, enableConversationDeletion: true, enableTranscriptDownload:false, })  <\/script><br \/>\n<a href=\"https:\/\/www4.frm.utn.edu.ar\/conaiisi\/\"><br \/>\n<img decoding=\"async\" src=\"https:\/\/www4.frm.utn.edu.ar\/conaiisi\/wp-content\/uploads\/2021\/06\/Logo-CONAIISI-2-300x134.png\" alt=\"\" loading=\"lazy\" srcset=\"https:\/\/www4.frm.utn.edu.ar\/conaiisi\/wp-content\/uploads\/2021\/06\/Logo-CONAIISI-2-300x134.png 300w, https:\/\/www4.frm.utn.edu.ar\/conaiisi\/wp-content\/uploads\/2021\/06\/Logo-CONAIISI-2.png 339w\" sizes=\"(max-width: 300px) 100vw, 300px\" width=\"300\" height=\"134\">\t\t\t\t\t\t\t\t<\/a><\/p>\n<h2>ALOJAMIENTO Y TRANSPORTE<\/h2>\n<p style=\"text-align: center;\">En acuerdo con las recomendaciones del Gobierno Nacional frente a la pandemia de Coronavirus (COVID-19) en nuestro pa\u00ed\u00ads, y atento a las recomendaciones emitidas por el Ministerio de Salud de la Naci\u00f3n y el Ministerio de Educaci\u00f3n, se resolvi\u00f3 que el Evento se realizara de forma <strong>VIRTUAL<\/strong><\/p>\n<h4 style=\"text-align: center;\"><strong>Por dudas o mas informaci\u00f3n enviar email a<br \/>\n<a style=\"color: #0c2d48;\" href=\"mailto:CONAIISI2021@frm.utn.edu.ar\">CONAIISI2021@frm.utn.edu.ar<\/a><br \/>\n<\/strong><\/h4>\n<ul>\n<li>\n\t\t\t\t\t\t\t\t\t\tCoronel Rodr\u00edguez 273, Ciudad &#8211; Capital, M5500 Mendoza<\/li>\n<li>\n\t\t\t\t\t\t\t\t\t\tconaiisi2021@frm.utn.edu.ar<\/li>\n<\/ul>\n<p><img decoding=\"async\" src=\"https:\/\/www4.frm.utn.edu.ar\/conaiisi\/wp-content\/uploads\/2021\/05\/utn-frm-300x103.jpg\" alt=\"\" loading=\"lazy\" srcset=\"https:\/\/www4.frm.utn.edu.ar\/conaiisi\/wp-content\/uploads\/2021\/05\/utn-frm-300x103.jpg 300w, https:\/\/www4.frm.utn.edu.ar\/conaiisi\/wp-content\/uploads\/2021\/05\/utn-frm-1024x353.jpg 1024w, https:\/\/www4.frm.utn.edu.ar\/conaiisi\/wp-content\/uploads\/2021\/05\/utn-frm-768x265.jpg 768w, https:\/\/www4.frm.utn.edu.ar\/conaiisi\/wp-content\/uploads\/2021\/05\/utn-frm.jpg 1457w\" sizes=\"(max-width: 300px) 100vw, 300px\" width=\"300\" height=\"103\"><br \/>\n<img decoding=\"async\" src=\"https:\/\/www4.frm.utn.edu.ar\/conaiisi\/wp-content\/uploads\/2021\/05\/Diseno-sin-titulo-e1621705405423-150x150.png\" alt=\"\" loading=\"lazy\" width=\"150\" height=\"150\"><br \/>\n<img decoding=\"async\" src=\"https:\/\/www4.frm.utn.edu.ar\/conaiisi\/wp-content\/uploads\/2021\/05\/logo-confedi-300x200.png\" alt=\"\" loading=\"lazy\" srcset=\"https:\/\/www4.frm.utn.edu.ar\/conaiisi\/wp-content\/uploads\/2021\/05\/logo-confedi-300x200.png 300w, https:\/\/www4.frm.utn.edu.ar\/conaiisi\/wp-content\/uploads\/2021\/05\/logo-confedi-1024x683.png 1024w, https:\/\/www4.frm.utn.edu.ar\/conaiisi\/wp-content\/uploads\/2021\/05\/logo-confedi-768x512.png 768w, https:\/\/www4.frm.utn.edu.ar\/conaiisi\/wp-content\/uploads\/2021\/05\/logo-confedi-1536x1024.png 1536w, https:\/\/www4.frm.utn.edu.ar\/conaiisi\/wp-content\/uploads\/2021\/05\/logo-confedi-2048x1365.png 2048w\" sizes=\"(max-width: 300px) 100vw, 300px\" width=\"300\" height=\"200\"><\/p>\n","protected":false},"excerpt":{"rendered":"<p>ALOJAMIENTO Y TRANSPORTE En acuerdo con las recomendaciones del Gobierno Nacional frente a la pandemia de Coronavirus (COVID-19) en nuestro pa\u00ed\u00ads, y atento a las recomendaciones emitidas por el Ministerio de Salud de la Naci\u00f3n y el Ministerio de Educaci\u00f3n, se resolvi\u00f3 que el Evento se realizara de forma VIRTUAL Por dudas o mas informaci\u00f3n [&hellip;]<\/p>\n","protected":false},"author":1,"featured_media":0,"parent":0,"menu_order":0,"comment_status":"closed","ping_status":"closed","template":"elementor_canvas","meta":{"footnotes":""},"yoast_head":"<!-- This site is optimized with the Yoast SEO plugin v16.5 - https:\/\/yoast.com\/wordpress\/plugins\/seo\/ -->\n<title>ALOJAMIENTO - Conaiisi 2021<\/title>\n<meta name=\"robots\" content=\"index, follow, max-snippet:-1, max-image-preview:large, max-video-preview:-1\" \/>\n<link rel=\"canonical\" href=\"https:\/\/www4.frm.utn.edu.ar\/conaiisi\/alojamiento\/\" \/>\n<meta property=\"og:locale\" content=\"es_ES\" \/>\n<meta property=\"og:type\" content=\"article\" \/>\n<meta property=\"og:title\" content=\"ALOJAMIENTO - Conaiisi 2021\" \/>\n<meta property=\"og:description\" content=\"ALOJAMIENTO Y TRANSPORTE En acuerdo con las recomendaciones del Gobierno Nacional frente a la pandemia de Coronavirus (COVID-19) en nuestro pa\u00ed\u00ads, y atento a las recomendaciones emitidas por el Ministerio de Salud de la Naci\u00f3n y el Ministerio de Educaci\u00f3n, se resolvi\u00f3 que el Evento se realizara de forma VIRTUAL Por dudas o mas informaci\u00f3n [&hellip;]\" \/>\n<meta property=\"og:url\" content=\"https:\/\/www4.frm.utn.edu.ar\/conaiisi\/alojamiento\/\" \/>\n<meta property=\"og:site_name\" content=\"Conaiisi 2021\" \/>\n<meta property=\"article:modified_time\" content=\"2022-07-27T20:36:18+00:00\" \/>\n<meta property=\"og:image\" content=\"https:\/\/www4.frm.utn.edu.ar\/conaiisi\/wp-content\/uploads\/2021\/06\/Logo-CONAIISI-2-300x134.png\" \/>\n<meta name=\"twitter:card\" content=\"summary_large_image\" \/>\n<meta name=\"twitter:label1\" content=\"Tiempo de lectura\" \/>\n\t<meta name=\"twitter:data1\" content=\"2 minutos\" \/>\n<script type=\"application\/ld+json\" class=\"yoast-schema-graph\">{\"@context\":\"https:\/\/schema.org\",\"@graph\":[{\"@type\":\"WebSite\",\"@id\":\"https:\/\/www4.frm.utn.edu.ar\/conaiisi\/#website\",\"url\":\"https:\/\/www4.frm.utn.edu.ar\/conaiisi\/\",\"name\":\"Conaiisi 2021\",\"description\":\"Congreso Nacional de Ingenier\\u00eda y Sistemas de la Comunicaci\\u00f3n\",\"potentialAction\":[{\"@type\":\"SearchAction\",\"target\":\"https:\/\/www4.frm.utn.edu.ar\/conaiisi\/?s={search_term_string}\",\"query-input\":\"required name=search_term_string\"}],\"inLanguage\":\"es\"},{\"@type\":\"ImageObject\",\"@id\":\"https:\/\/www4.frm.utn.edu.ar\/conaiisi\/alojamiento\/#primaryimage\",\"inLanguage\":\"es\",\"url\":\"https:\/\/www4.frm.utn.edu.ar\/conaiisi\/wp-content\/uploads\/2021\/06\/Logo-CONAIISI-2.png\",\"contentUrl\":\"https:\/\/www4.frm.utn.edu.ar\/conaiisi\/wp-content\/uploads\/2021\/06\/Logo-CONAIISI-2.png\",\"width\":339,\"height\":151},{\"@type\":\"WebPage\",\"@id\":\"https:\/\/www4.frm.utn.edu.ar\/conaiisi\/alojamiento\/#webpage\",\"url\":\"https:\/\/www4.frm.utn.edu.ar\/conaiisi\/alojamiento\/\",\"name\":\"ALOJAMIENTO - Conaiisi 2021\",\"isPartOf\":{\"@id\":\"https:\/\/www4.frm.utn.edu.ar\/conaiisi\/#website\"},\"primaryImageOfPage\":{\"@id\":\"https:\/\/www4.frm.utn.edu.ar\/conaiisi\/alojamiento\/#primaryimage\"},\"datePublished\":\"2021-05-04T18:19:01+00:00\",\"dateModified\":\"2022-07-27T20:36:18+00:00\",\"breadcrumb\":{\"@id\":\"https:\/\/www4.frm.utn.edu.ar\/conaiisi\/alojamiento\/#breadcrumb\"},\"inLanguage\":\"es\",\"potentialAction\":[{\"@type\":\"ReadAction\",\"target\":[\"https:\/\/www4.frm.utn.edu.ar\/conaiisi\/alojamiento\/\"]}]},{\"@type\":\"BreadcrumbList\",\"@id\":\"https:\/\/www4.frm.utn.edu.ar\/conaiisi\/alojamiento\/#breadcrumb\",\"itemListElement\":[{\"@type\":\"ListItem\",\"position\":1,\"name\":\"Portada\",\"item\":\"https:\/\/www4.frm.utn.edu.ar\/conaiisi\/\"},{\"@type\":\"ListItem\",\"position\":2,\"name\":\"ALOJAMIENTO\"}]}]}<\/script>\n<!-- \/ Yoast SEO plugin. -->","_links":{"self":[{"href":"https:\/\/www4.frm.utn.edu.ar\/conaiisi\/wp-json\/wp\/v2\/pages\/124"}],"collection":[{"href":"https:\/\/www4.frm.utn.edu.ar\/conaiisi\/wp-json\/wp\/v2\/pages"}],"about":[{"href":"https:\/\/www4.frm.utn.edu.ar\/conaiisi\/wp-json\/wp\/v2\/types\/page"}],"author":[{"embeddable":true,"href":"https:\/\/www4.frm.utn.edu.ar\/conaiisi\/wp-json\/wp\/v2\/users\/1"}],"replies":[{"embeddable":true,"href":"https:\/\/www4.frm.utn.edu.ar\/conaiisi\/wp-json\/wp\/v2\/comments?post=124"}],"version-history":[{"count":32,"href":"https:\/\/www4.frm.utn.edu.ar\/conaiisi\/wp-json\/wp\/v2\/pages\/124\/revisions"}],"predecessor-version":[{"id":2610,"href":"https:\/\/www4.frm.utn.edu.ar\/conaiisi\/wp-json\/wp\/v2\/pages\/124\/revisions\/2610"}],"wp:attachment":[{"href":"https:\/\/www4.frm.utn.edu.ar\/conaiisi\/wp-json\/wp\/v2\/media?parent=124"}],"curies":[{"name":"wp","href":"https:\/\/api.w.org\/{rel}","templated":true}]}}